i = u - -3. List the prime factors of i.
2
Suppose -j - 753 = -2*a - 0*j, -2*a - 5*j + 783 = 0. List the prime factors of a.
379
Let i(g) = -1232*g**2 - g - 2. Let t be i(-2). Let x be 1/(-3) + t/(-33). Suppose -x + 29 = -2*r. What are the prime factors of r?
2, 3, 5
Let y = 1004 + -365. List the prime factors of y.
3, 71
Let i(o) = 33*o**2 - 7*o - 5. What are the prime factors of i(-3)?
313
Suppose 78773 = 41*c + 26252. List the prime factors of c.
3, 7, 61
Let a(q) = 17*q**2 + 8*q - 75. What are the prime factors of a(-18)?
3, 41, 43
Suppose -x + 4 = 1. Let s be (1/x)/(2/18). Let v = s - 0. List the prime factors of v.
3
Let r = 13 - 15. Let o be r/(-9) + 350/45. Suppose 5*h - h = o. List the prime factors of h.
2
Suppose 13 = -4*o + 85. Let j = -12 + o. Suppose j*g - 42 = 3*g + 3*s, 5*s + 4 = -g. What are the prime factors of g?
11
Let c(r) = r**2 + 6*r - 13. Let o be c(-6). Let m = o + 78. List the prime factors of m.
5, 13
Suppose 14 - 70 = 7*u. What are the prime factors of (-72)/2*2/u?
3
Suppose -69*u = -74*u + 340. Let y = 18 + u. What are the prime factors of y?
2, 43
Let c be (0/(0 + -3))/(-6). Let v(q) = 4 + 2 - q + 0. What are the prime factors of v(c)?
2, 3
Suppose 4*l - k - 1514 = 0, 7*k = 5*l + 6*k - 1892. List the prime factors of l.
2, 3, 7
Suppose 5*u = 2*g - 999 - 1905, g - 5*u = 1452. Suppose 2*z + g = 8*z. What are the prime factors of z?
2, 11
Let s be 746/(-30) + (-6)/45. Let a = s + 94. List the prime factors of a.
3, 23
Suppose -374*r + 371*r = -666. List the prime factors of r.
2, 3, 37
Suppose -5*z + 2 = 3*p - 3, 0 = -5*z - 4*p. Let f = z - 1. Suppose 27 + 0 = f*a. What are the prime factors of a?
3
Suppose 0 = -16*z - 14*z + 23760. List the prime factors of z.
2, 3, 11
Let s = 20 + -18. Suppose 5*c + s*k + k - 226 = 0, -5*k + 79 = 2*c. What are the prime factors of c?
47
Suppose -31*m + 6*m + 4725 = 0. What are the prime factors of m?
3, 7
Suppose -o - 14 = -4*h, o + 0 + 2 = h. Let u(y) = -y + 2*y**2 + y**3 - 6 - 2*y + h. What are the prime factors of u(3)?
2, 17
Let k(s) = 120*s + 3. What are the prime factors of k(2)?
3
Suppose -4*x = -2*p + 838, -3*p - p + 5*x + 1691 = 0. List the prime factors of p.
3, 11, 13
Let l = 20 + -16. Suppose -3*w + w = s - 5, 0 = -2*s + 2*w + l. List the prime factors of s.
3
Let w be 0 + -2 - (4 + -3)*-48. Suppose 45*j + 60 = w*j. What are the prime factors of j?
2, 3, 5
Let a be 6/45*6*5. Suppose a*o = -r + 2, -r = 2*r - 2*o - 6. List the prime factors of r/(-3) - 1665/(-27).
61
Let b(x) = 77*x**2 - 16*x - 75. List the prime factors of b(-5).
2, 5, 193
Let j(n) = 5*n**2 + 37*n - 105. List the prime factors of j(-26).
3, 257
Let l = 8 - 3. Suppose 0 = 5*t + 5*h - 635, 5*t - 75 = l*h + 530. What are the prime factors of t/9 - 2/(-9)?
2, 7
Suppose -2*d - 5 = 3*d, 4*p + 5*d - 19 = 0. Suppose -7*c = -p*c - l - 98, -2*l - 99 = -c. List the prime factors of c.
97
Suppose 4*d + 3*t - 84 = 21, 3*d = t + 69. Suppose 3 + 3 = 2*y + 4*f, -y = -f - 9. Suppose y + d = p. What are the prime factors of p?
31
Suppose 0 = -i - 5*g + 511, 0*i - 4*i - 5*g + 1999 = 0. List the prime factors of i.
2, 31
Suppose -w + 5*l - 11 + 1 = 0, 0 = -2*l. What are the prime factors of 284 - ((-6)/(-4))/((-5)/w)?
281
Let j = -7 - -19. Suppose -j = -2*x + 4*l, 3*x = 6*x + 4*l - 38. Suppose 2*k = k + x. What are the prime factors of k?
2, 5
Let m be 24 + (-5 - -4) + 4. Let v be 2/(-4) - 30/4. Let f = v + m. List the prime factors of f.
19
Let a(s) = -172*s - 55. What are the prime factors of a(-11)?
11, 167
Suppose -2*c = 2*c - 16. Suppose 0 = -c*n - n + 25. Suppose 0 = -n*w + w + 184. What are the prime factors of w?
2, 23
What are the prime factors of ((-176)/(-20))/(2/60)?
2, 3, 11
Suppose -3362 = 4*p - 1274. What are the prime factors of p/(-14) + 3/42*-4?
37
Let i = -37 - -22. Let a = i - -32. Suppose 4*k = 3*b + b + 140, 0 = k + 5*b - a. What are the prime factors of k?
2
Suppose -3*v + 5*v - 12 = -5*r, 0 = 4*r - v - 20. Suppose c - 4*c = -q - 233, -r*c = -4*q - 316. What are the prime factors of c?
7, 11
What are the prime factors of 7/((-21)/(-14430)) - 11?
4799
Let s(g) = g - 2. Let t(n) = -2*n + 2. Let z(l) = -3*s(l) - 2*t(l). Let a(o) = -4*o - 6. Let v(u) = -2*a(u) - 7*z(u). List the prime factors of v(7).
5
What are the prime factors of (-145730)/(-304) + 6/(-16)?
479
Let l be (-7035)/(-25) + 9/15. Suppose -3*x + 5*i = -413, 0*x + 2*i = 2*x - l. Suppose -4*d + x = 3*p - 46, -d + 3*p = -33. List the prime factors of d.
3, 5
Let m = -6 + 14. Suppose -4*h = -4*n + m, -2*n - 3*h + 17 + 2 = 0. List the prime factors of (30/(-8))/n*-20.
3, 5
Let k be 23/7 - 2/7. Suppose 15 + 99 = k*y. What are the prime factors of y?
2, 19
Let g(k) = 496*k - 490. List the prime factors of g(5).
2, 5, 199
Suppose 0 = 2*a - 5*a - 45. Let z = a - -18. Suppose 8 - 137 = -z*c. What are the prime factors of c?
43
Let v = 80 - -832. List the prime factors of v.
2, 3, 19
Let q(t) = 4*t**2 - 2*t - 1. Let u be q(2). Let j = u - 11. Suppose -36 = -2*m - 4*c, j*c = -2*m + c + 31. List the prime factors of m.
2
Let s be -12 + 11 - 1*-883. Suppose 0 = -0*a + 9*a - s. What are the prime factors of a?
2, 7
Let w(x) = -x - 5. Let l be w(-5). Let c be 1 - (-2 - l - -5). What are the prime factors of c/3*(6 + -9)?
2
Suppose 25 - 6 = w. Let k = w + -15. Suppose 0 = -i - k - 0, 5*i - 88 = -4*f. What are the prime factors of f?
3
Let r = -1230 + 2925. List the prime factors of r.
3, 5, 113
Let s = 960 + -535. What are the prime factors of s?
5, 17
Let i be (-2)/3 + 192/18. Let v = i - 4. Suppose r + 285 = v*r. List the prime factors of r.
3, 19
Let v(u) = u. Let l(b) = -b - 141. Let k(t) = -l(t) + 4*v(t). List the prime factors of k(0).
3, 47
What are the prime factors of -5 + ((-5760)/5)/(-6)?
11, 17
Let w(t) = -2*t**3 - 5*t + 7. Let i(k) = -2*k - 1. Let x be i(1). List the prime factors of w(x).
2, 19
Let x(z) = 2*z**2 + 43*z + 45. Let h be x(-21). What are the prime factors of (-18)/h - ((-1166)/(-8))/(-1)?
5, 29
Let w be 0 - 5/(20/(-12)). Let v(s) = -3*s - 4 + 5*s + 4*s + s**2. List the prime factors of v(w).
23
Suppose -22*l - 72 = -556. What are the prime factors of l?
2, 11
Suppose 5*p = -4*r + 3*p - 2, 4*r = 5*p - 9. What are the prime factors of (6 + -2)*-29*(r + 0)?
2, 29
Let b = 6 + -5. Let f be b + (6/2 - -60). What are the prime factors of (54/(-4))/((-24)/f)?
2, 3
What are the prime factors of 24/(-64) - (-24806)/16?
2, 5, 31
Let h(l) = -2*l + 5*l**2 + 2 + l + 0*l. Let o(c) = c**3 - 4*c**2 - c + 2. Let x be o(4). List the prime factors of h(x).
2, 3
Suppose 3*a = 36 - 15. Suppose a*w = 2*w. Suppose -o = 5*u - w + 7, -2*o + 2*u + 46 = 0. List the prime factors of o.
2, 3
Let f = 73 + 200. List the prime factors of f.
3, 7, 13
Suppose 3*f + 84 = 3*p, 0 = -2*p + 4*f + 17 + 49. Let b = 17 - 32. Let x = p + b. List the prime factors of x.
2
Suppose -5421 = -17*n - 2055. What are the prime factors of n?
2, 3, 11
Let w(p) = 5*p**2 - 5*p + 3. Let x be w(2). List the prime factors of (x/3)/((-5)/(-30)).
2, 13
Let v(o) = -o**2 + 5*o + 12. Let w be v(5). Suppose -3*y = -9*y + w. Suppose 0 = -4*u + y*r + 138, -4*u + 2*u + 2*r = -64. What are the prime factors of u?
37
Let l = 3553 + -1664. What are the prime factors of l?
1889
Let k(a) = -16*a - 12. Let p be (-2)/(32/17 - 2). Suppose 0 = -5*j - 4*g - p, 0 = 6*j - 11*j + g - 27. List the prime factors of k(j).
2, 17
Let c be (-8)/(-28) + (-740)/(-7). Let b = -59 + c. Suppose -2*t + 35 = -b. What are the prime factors of t?
41
Let y = -2 - -2. Suppose -j + 3*j - 8 = y. Suppose -3*k - 220 = -4*n, k = j*n - k - 220. What are the prime factors of n?
5, 11
Let w(h) = 2*h**2 + 8*h - 7. Let q be w(9). Let c = 329 - q. List the prime factors of c.
2, 3, 17
Suppose 621 = 7*v - 2816. What are the prime factors of v?
491
List the prime factors of (13/(390/(-50)))/(4/(-3312)).
2, 3, 5, 23
Let d(i) be the third derivative of i**5/60 + 3*i**4/8 - 7*i**3/3 + 12*i**2. List the prime factors of d(-12).
2, 11
Let m(a) = 2*a + 48. Suppose -2*x - 2*j = 2, 4*j = x - 2 - 2. Suppose x = -0*d + 5*d. What are the prime factors of m(d)?
2, 3
What are the prime factors of 5/(315/(-6)) - (-707847)/441?
3, 5, 107
Let g(c) = 12*c**2 - 15*c + 1. List the prime factors of g(11).
2, 7, 23
Let q be 0*2/(-4)*2. Let f = q - 4. List 